igit of f?
9
Let q(u) = 8*u - 1. Let j be q(-1). Let s(d) = d + 14. Let x be s(j). Suppose 23 + 87 = x*c - 5*k, 71 = 3*c - 2*k. What is the units digit of c?
7
Suppose 0*c + 272 = 4*c - 2*w, 54 = c - 4*w. Let h(s) = -8*s**2 - 5*s - 71*s**3 - 2*s + c*s**3 + 2. What is the units digit of h(-7)?
2
Let o = 104 + -41. Let k = 65 - o. What is the units digit of k?
2
Let r be 5/(3 + (0 - 2)). Let m(a) = -2 + r - 1 - a - 5. What is the units digit of m(-8)?
5
Suppose 0 = y - 1, 3801 + 2137 = 3*m + y. What is the tens digit of m?
7
Let k(g) = g**3 + 5*g**2 - 8*g - 9. Let w be k(-6). Let q be (0 - 2/(-2))/((-39)/(-3861)). Suppose q = -f + w*f - 3*n, -4*n = -20. What is the units digit of f?
7
Let p = 25 + -21. Let f(u) = u**2 - 13*u + 14. Let j be f(12). Suppose -p - j = -r. What is the units digit of r?
6
Let n(i) = -6 - 3 - 1 + 9 - i. Let l be (-64)/12*(-6)/(-4). What is the units digit of n(l)?
7
Let a(p) be the second derivative of p**3 + 9*p**2/2 - p. Let h(g) = 3*g**2 - 16*g - 30. Let r be h(7). What is the units digit of a(r)?
9
Suppose -q + 3*g = -5254, -6*g = -2*q - 8*g + 10540. What is the thousands digit of q?
5
Let r be 3 + 29/(-9) + 6/27. Suppose 4*z - 2*z - 12 = r. What is the units digit of z?
6
Let i be 5*((-1782)/(-15) + (-1 - -3)). Suppose 3*h + 127 = i. What is the tens digit of h?
5
Let k = 26 - 68. Let z = 20 + -34. Let y = z - k. What is the tens digit of y?
2
Let q(j) = 2*j + 5. Let s be q(-5). Let v(h) = -3*h**2 - 5*h + 0*h**3 - h**3 + 5 - 2*h**2. What is the units digit of v(s)?
0
Let j(t) = -27*t + 819. What is the tens digit of j(0)?
1
Let k(r) be the second derivative of 5/2*r**2 + 2*r + r**3 - 1/2*r**4 + 0 + 1/20*r**5. What is the units digit of k(5)?
0
Let g(r) = 393*r**3 + r**2 + 3*r - 11. What is the units digit of g(2)?
3
Let j(v) be the first derivative of 3*v**2/2 - 18*v - 7. What is the units digit of j(14)?
4
Let t = -24 + 63. Let z = t + 25. What is the units digit of z?
4
Suppose 0 = -4*l - 9*l + 299. What is the tens digit of (2 + -1)*(l - -4)?
2
Suppose 11*p = 5 + 17. Suppose 0*f - p = -2*c - f, c - 10 = 4*f. What is the units digit of c?
2
Let v(k) = 26*k**2 - 50*k + 407. What is the hundreds digit of v(10)?
5
Let c(y) = -y**3 + 20*y**2 + 41*y + 12. What is the tens digit of c(20)?
3
Let z(w) = -w**2 + 8*w + 1. Let k be z(8). Let r be 4 - (-2 + 3)*k. What is the units digit of 10/15 - (-82)/r?
8
What is the thousands digit of (-5)/((-70)/6) + 37570/14?
2
Let t = 4 + 25. Suppose 0 = x + 13 - t. What is the units digit of x?
6
Suppose 441*y - 1652 = 440*y. What is the units digit of y?
2
Let w = -11 - 4. Let k(x) = -x**3 - 12*x**2 + 33*x + 14. What is the hundreds digit of k(w)?
1
Suppose -2*w = -5 + 5. What is the hundreds digit of (-2 + w)*(6 + 1365/(-10))?
2
What is the hundreds digit of -2 - 3 - (-187 - 18)?
2
Suppose 3*z - 1023 = 2*k - 0*k, 4*z = 4*k + 1368. What is the tens digit of z?
3
Suppose 0 = 26*p - 20*p - 4122. What is the tens digit of p?
8
Suppose 6*z - z - 38 = 4*q, 5*z + 2*q = 26. Suppose -2*w = -z*w - 52. Let b = w + 90. What is the units digit of b?
7
Let j be (-1 - 15/5)*-1. Suppose -3*y - 2*r - 4 = 0, y + 4*r - j = -2. What is the tens digit of (-365)/10*y + -3?
7
Let f(j) = 3*j**3 + j**2 - 20*j + 77. What is the tens digit of f(6)?
4
What is the units digit of 1 - -1250 - 2 - (-2 - 3)?
4
Let o = -3103 - -5086. What is the thousands digit of o?
1
Let f = -3 + 80. Suppose -3*z = c + c - 243, z + 2*c - f = 0. What is the units digit of z?
3
Suppose 5*a + 1857 + 313 = 0. What is the units digit of 4*(-4)/72 + a/(-9)?
8
Suppose -5*u + 51 + 29 = 0. Let y = 22 - u. Suppose 5*s - c = 2 + 7, -2*c = 2*s + y. What is the units digit of s?
1
Let c(o) = -o**2 - 6*o + 11. Let f be c(-5). Let l be -4*(55/(-4))/5. Let q = f - l. What is the units digit of q?
5
Let m(z) = -2*z**2 - 3*z + 3. Let o be m(-3). Let f = 11 + o. What is the units digit of (14/35)/(2/f)?
1
Suppose 0*m = -2*m - 86. Let u = 30 - m. What is the units digit of u?
3
Suppose -f = -2*c + 519, -f - 547 = -0*c + 5*c. Let h = f + 300. What is the units digit of h/(-4) + 45/(-60)?
6
Let w(u) = 10*u**2 + 28*u - 28. What is the units digit of w(1)?
0
Suppose -16 = -u + 15. What is the tens digit of u?
3
Let h(g) = 678*g + 90. What is the tens digit of h(2)?
4
Suppose -q + 5*q = -20, -3*q - 213 = -3*b. Let a = -100 + 69. Let m = a + b. What is the units digit of m?
5
Let w(c) = 3*c**2 + 32*c - 73. What is the units digit of w(-17)?
0
Let l(j) = j**3 - 8*j**2 + 5*j - 36. Let b be l(8). Let p(w) = 7*w - 5. Let z be p(4). Suppose 0 = -b*s - 11 + z. What is the units digit of s?
3
Suppose 5*r = 9*r - 92. Let m = r - 6. What is the tens digit of m?
1
Suppose -1 + 25 = -y. Let c = y + 27. Suppose -3*g + g + 4*u = -102, -5*u = -c*g + 156. What is the units digit of g?
7
Let k be (25/15 - 1)*57. Suppose 3*z + k = 287. What is the units digit of z?
3
Suppose 14*r = 43*r - 14471. What is the tens digit of r?
9
Suppose -40*m + 8*m + 28672 = 0. What is the tens digit of m?
9
Let j(s) = 32*s + 138. What is the hundreds digit of j(6)?
3
Suppose -14 = 3*j + 10. What is the tens digit of (228/j)/(-1)*2?
5
Let s be 4/(-10) - (-51)/15. Let q(k) = k**2 + 5 - s + 1 + k. What is the units digit of q(-3)?
9
Suppose -b + 2*j = 4, -5*j + 0 = -5. What is the units digit of (-1)/(11/b) - (-126)/154?
1
Let y = -273 + 441. Suppose -7*h = -11*h + y. What is the tens digit of h?
4
Let w(m) = m**3 - 5*m**2 - 5*m - 1. Let d be w(6). Let k be d*((-13)/5 + 3). Suppose -132 = -x - k*x. What is the units digit of x?
4
Let i(n) = 12 - 172*n + 173*n + 10. Suppose -2*l = 5*d, -d = -2*d. What is the tens digit of i(l)?
2
Let b = 10 + -5. Let x be ((-16)/b)/(12/(-60)). Suppose -x*f - 15 = -21*f. What is the units digit of f?
3
Let k(h) = -3*h**3 - 5*h**2 - 27*h + 31. What is the tens digit of k(-7)?
0
Suppose 3*b - 17 = -5. Suppose -3*v - 10 = -b. What is the units digit of -3 - (v - 4 - -2)?
1
Let y = -2098 - -3728. What is the tens digit of y?
3
What is the hundreds digit of -8 + 41912/36 + (-6)/27?
1
Let s be 10/45 + (-112)/18. Let k(g) = 2*g**2 - 8*g - 8*g + 6 + 31*g - 10*g. What is the units digit of k(s)?
8
Suppose 0 = k - 243 - 240. What is the units digit of k?
3
Let f(t) = 21*t + 125. What is the tens digit of f(-4)?
4
Let g = -38 + 22. Let r = g + 28. What is the units digit of r?
2
Suppose -2*y + 4*s = -2380, -2*y = 3*y - 3*s - 5971. What is the thousands digit of y?
1
Let s(v) = v**3 - 12*v**2 + 2*v - 13. Let h be ((-70)/(-30))/(2/30). Let o = h + -23. What is the units digit of s(o)?
1
Suppose 0 = -6*g + 4*g - 46. Let a(w) = -w**3 - 22*w**2 + 19*w + 20. What is the units digit of a(g)?
2
Let n = -82 - -84. What is the tens digit of 6/(108/1490) + n/9?
8
Let f(q) = -15*q. Let v be f(-2). Suppose -17 - v = -h. Let n = -24 + h. What is the tens digit of n?
2
Let h(n) = n + 8. Let d be h(-8). Suppose d*c = c - 1. What is the units digit of -18*2*c/(-4)?
9
Suppose -62*p + 70*p = 52672. What is the tens digit of p?
8
Let t(v) = -v**3 + 8*v**2 + 2*v + 9. Let n be t(9). Let x = n - -98. What is the tens digit of x?
4
Let o be ((1 - 0) + -2)*-34. Suppose 4*r = o + 6. Suppose x = r + 2. What is the units digit of x?
2
Let a = 993 - 381. What is the units digit of a?
2
Let s(t) = 4*t**2 + 41*t + 73. What is the tens digit of s(-19)?
3
What is the hundreds digit of ((-4848)/18)/1*(-6)/2?
8
Let d be (-772)/(-16) - (-2)/(-8). Suppose 6*t = 3*t + d. What is the units digit of t?
6
What is the tens digit of (-47)/(-9) - 16/72 - -170?
7
Let k be -22 - -4 - (1 - 3). Let b = 91 - k. Suppose -5*h = 22 - b. What is the units digit of h?
7
Let v = 9 + -4. Let s = v + -1. What is the units digit of 24 + (-1)/(s/12)?
1
Let u = 325 + 200. What is the units digit of u?
5
Suppose -8*d = -2*d - 150. Let c be 72/(-5) + (-2)/(-5). Let g = c + d. What is the units digit of g?
1
Suppose 4*n = x - 1012, 4*x + n = 5606 - 1626. What is the hundreds digit of x?
9
What is the hundreds digit of 126096/112 - (-5 + (-170)/(-35))?
1
Let k be (-52)/52*-4*2. Let z be (-5)/4 - (-2)/8. What is the units digit of k/((-24)/45)*z?
5
Let l be (-8)/3*108/(-24). What is the hundreds digit of (-20 + l)*(-1 - (-222)/(-8))?
2
Suppose -4*f - 2*a = -46, 4*a + 38 + 0 = 5*f. Let r = f - 13. Let t(w) = -w**3 - 3*w**2 - w + 4. 